{"id":33,"date":"2023-06-08T20:34:57","date_gmt":"2023-06-08T20:34:57","guid":{"rendered":"http:\/\/www.korkmazogullarifistikcilik.com\/?page_id=33"},"modified":"2023-06-14T07:18:03","modified_gmt":"2023-06-14T07:18:03","slug":"urunler","status":"publish","type":"page","link":"http:\/\/www.korkmazogullarifistikcilik.com\/?page_id=33","title":{"rendered":"\u00dcR\u00dcNLER"},"content":{"rendered":"<div class=\"wp-block-image\">\n<figure class=\"alignleft is-resized\"><img loading=\"lazy\" decoding=\"async\" src=\"http:\/\/www.korkmazogullarifistikcilik.com\/wp-content\/uploads\/2023\/06\/yer-fistigi-jumbo-cig-150-gr-paket-1672224164-photoaidcom-cropped.png\" alt=\"\" class=\"wp-image-74\" width=\"97\" height=\"97\" srcset=\"http:\/\/www.korkmazogullarifistikcilik.com\/wp-content\/uploads\/2023\/06\/yer-fistigi-jumbo-cig-150-gr-paket-1672224164-photoaidcom-cropped.png 720w, http:\/\/www.korkmazogullarifistikcilik.com\/wp-content\/uploads\/2023\/06\/yer-fistigi-jumbo-cig-150-gr-paket-1672224164-photoaidcom-cropped-300x300.png 300w, http:\/\/www.korkmazogullarifistikcilik.com\/wp-content\/uploads\/2023\/06\/yer-fistigi-jumbo-cig-150-gr-paket-1672224164-photoaidcom-cropped-150x150.png 150w\" sizes=\"auto, (max-width: 97px) 100vw, 97px\" \/><\/figure>\n<\/div>\n\n\n<p><em><strong><br>Osmaniye \u0130\u00e7 Yer F\u0131st\u0131\u011f\u0131<\/strong><\/em><\/p>\n\n\n\n<p><\/p>\n\n\n\n<p><\/p>\n\n\n\n<ul class=\"wp-block-list\">\n<li>Jumbo Boy: 7<em>0\/75- 80\/85- 85\/90<\/em> \u00a0<strong>Adet\/100 gram<\/strong><\/li>\n\n\n\n<li><em>\u0130ri Boy:95\/100-100\/105\u00a0<\/em>\u00a0<strong>Adet\/100 gram<\/strong><\/li>\n\n\n\n<li><em>Orta Boy:105\/110-110\/120-120\/135<\/em> \u00a0<strong>Adet\/100 gram<\/strong><\/li>\n\n\n\n<li>Numara Alt\u0131:<em>140\/160-160\/180-190\/210<\/em> &nbsp;<strong>Adet\/100 gram<\/strong><\/li>\n\n\n\n<li>Pastal\u0131k: 210\/250<em>\u2013 250\/<\/em>300\u00a0<strong>Adet\/100 gram<\/strong><\/li>\n<\/ul>\n\n\n\n<hr class=\"wp-block-separator has-alpha-channel-opacity\"\/>\n\n\n<div class=\"wp-block-image\">\n<figure class=\"alignleft is-resized\"><img loading=\"lazy\" decoding=\"async\" src=\"http:\/\/www.korkmazogullarifistikcilik.com\/wp-content\/uploads\/2023\/06\/5a25147b7152d8132413dc12-photoaidcom-cropped.png\" alt=\"\" class=\"wp-image-76\" width=\"103\" height=\"103\" srcset=\"http:\/\/www.korkmazogullarifistikcilik.com\/wp-content\/uploads\/2023\/06\/5a25147b7152d8132413dc12-photoaidcom-cropped.png 422w, http:\/\/www.korkmazogullarifistikcilik.com\/wp-content\/uploads\/2023\/06\/5a25147b7152d8132413dc12-photoaidcom-cropped-300x300.png 300w, http:\/\/www.korkmazogullarifistikcilik.com\/wp-content\/uploads\/2023\/06\/5a25147b7152d8132413dc12-photoaidcom-cropped-150x150.png 150w\" sizes=\"auto, (max-width: 103px) 100vw, 103px\" \/><\/figure>\n<\/div>\n\n\n<p><\/p>\n\n\n\n<p><strong>Osmaniye <em>Kabuklu Yer F\u0131st\u0131\u011f\u0131<\/em><\/strong><\/p>\n\n\n\n<p><\/p>\n\n\n\n<p><\/p>\n\n\n\n<ul class=\"wp-block-list\">\n<li>28\/32 <strong>Adet\/100 gram<\/strong><\/li>\n\n\n\n<li>32\/35 <strong>Adet\/100 gram<\/strong><\/li>\n\n\n\n<li>35\/40 <strong>Adet\/100 gram<\/strong><\/li>\n\n\n\n<li>40\/45 <strong>Adet\/100 gram<\/strong><\/li>\n\n\n\n<li>45\/50&nbsp;<strong>Adet\/100 gram<\/strong><\/li>\n<\/ul>\n\n\n\n<hr class=\"wp-block-separator has-alpha-channel-opacity\"\/>\n\n\n\n<p><\/p>\n\n\n<div class=\"wp-block-image\">\n<figure class=\"alignleft is-resized\"><img loading=\"lazy\" decoding=\"async\" src=\"http:\/\/www.korkmazogullarifistikcilik.com\/wp-content\/uploads\/2023\/06\/soyulmus-yer-fistigi-photoaidcom-cropped.png\" alt=\"\" class=\"wp-image-73\" width=\"118\" height=\"118\" srcset=\"http:\/\/www.korkmazogullarifistikcilik.com\/wp-content\/uploads\/2023\/06\/soyulmus-yer-fistigi-photoaidcom-cropped.png 459w, http:\/\/www.korkmazogullarifistikcilik.com\/wp-content\/uploads\/2023\/06\/soyulmus-yer-fistigi-photoaidcom-cropped-300x300.png 300w, http:\/\/www.korkmazogullarifistikcilik.com\/wp-content\/uploads\/2023\/06\/soyulmus-yer-fistigi-photoaidcom-cropped-150x150.png 150w\" sizes=\"auto, (max-width: 118px) 100vw, 118px\" \/><\/figure>\n<\/div>\n\n\n<p><\/p>\n\n\n\n<p><strong><em>Soyulmu\u015f Yer F\u0131st\u0131\u011f\u0131<\/em><\/strong><\/p>\n\n\n\n<p><\/p>\n\n\n\n<ul class=\"wp-block-list\">\n<li><strong>Beyaz Soyulmu\u015f <\/strong><\/li>\n\n\n\n<li><strong>Kavrulmu\u015f Soyulmu\u015f<\/strong><\/li>\n<\/ul>\n\n\n\n<p><\/p>\n\n\n\n<hr class=\"wp-block-separator has-alpha-channel-opacity\"\/>\n\n\n\n<p><\/p>\n\n\n<div class=\"wp-block-image\">\n<figure class=\"alignleft is-resized\"><img loading=\"lazy\" decoding=\"async\" src=\"http:\/\/www.korkmazogullarifistikcilik.com\/wp-content\/uploads\/2023\/06\/fistik-kirigi-800x800-photoaidcom-cropped.png\" alt=\"\" class=\"wp-image-75\" width=\"127\" height=\"127\" srcset=\"http:\/\/www.korkmazogullarifistikcilik.com\/wp-content\/uploads\/2023\/06\/fistik-kirigi-800x800-photoaidcom-cropped.png 528w, http:\/\/www.korkmazogullarifistikcilik.com\/wp-content\/uploads\/2023\/06\/fistik-kirigi-800x800-photoaidcom-cropped-300x300.png 300w, http:\/\/www.korkmazogullarifistikcilik.com\/wp-content\/uploads\/2023\/06\/fistik-kirigi-800x800-photoaidcom-cropped-150x150.png 150w\" sizes=\"auto, (max-width: 127px) 100vw, 127px\" \/><\/figure>\n<\/div>\n\n\n<p><\/p>\n\n\n\n<p class=\"has-text-align-left\"><strong><em>Prin\u00e7 Yer F\u0131st\u0131\u011f\u0131<\/em><\/strong><\/p>\n\n\n\n<p><\/p>\n\n\n\n<ul class=\"wp-block-list\">\n<li><strong>Esmer Prin\u00e7<\/strong><\/li>\n\n\n\n<li><strong>Beyaz Prin\u00e7 <\/strong><\/li>\n<\/ul>\n\n\n\n<p><\/p>\n","protected":false},"excerpt":{"rendered":"<p>Osmaniye \u0130\u00e7 Yer F\u0131st\u0131\u011f\u0131 Osmaniye Kabuklu Yer F\u0131st\u0131\u011f\u0131 Soyulmu\u015f Yer F\u0131st\u0131\u011f\u0131 Prin\u00e7 Yer F\u0131st\u0131\u011f\u0131<\/p>\n","protected":false},"author":1,"featured_media":0,"parent":0,"menu_order":0,"comment_status":"closed","ping_status":"closed","template":"","meta":{"footnotes":""},"class_list":["post-33","page","type-page","status-publish","hentry"],"_links":{"self":[{"href":"http:\/\/www.korkmazogullarifistikcilik.com\/index.php?rest_route=\/wp\/v2\/pages\/33","targetHints":{"allow":["GET"]}}],"collection":[{"href":"http:\/\/www.korkmazogullarifistikcilik.com\/index.php?rest_route=\/wp\/v2\/pages"}],"about":[{"href":"http:\/\/www.korkmazogullarifistikcilik.com\/index.php?rest_route=\/wp\/v2\/types\/page"}],"author":[{"embeddable":true,"href":"http:\/\/www.korkmazogullarifistikcilik.com\/index.php?rest_route=\/wp\/v2\/users\/1"}],"replies":[{"embeddable":true,"href":"http:\/\/www.korkmazogullarifistikcilik.com\/index.php?rest_route=%2Fwp%2Fv2%2Fcomments&post=33"}],"version-history":[{"count":12,"href":"http:\/\/www.korkmazogullarifistikcilik.com\/index.php?rest_route=\/wp\/v2\/pages\/33\/revisions"}],"predecessor-version":[{"id":90,"href":"http:\/\/www.korkmazogullarifistikcilik.com\/index.php?rest_route=\/wp\/v2\/pages\/33\/revisions\/90"}],"wp:attachment":[{"href":"http:\/\/www.korkmazogullarifistikcilik.com\/index.php?rest_route=%2Fwp%2Fv2%2Fmedia&parent=33"}],"curies":[{"name":"wp","href":"https:\/\/api.w.org\/{rel}","templated":true}]}}